{"version":"1.0","provider_name":"noticias","provider_url":"https:\/\/www.euro-tv.ro\/noticias","author_name":"Marius Leontiuc","author_url":"https:\/\/www.euro-tv.ro\/noticias\/author\/marius-leontiuc\/","title":"La torre Eiffel se - noticias","type":"rich","width":600,"height":338,"html":"<blockquote class=\"wp-embedded-content\" data-secret=\"qouXVDcJGY\"><a href=\"https:\/\/www.euro-tv.ro\/noticias\/2015\/01\/10\/la-torre-eiffel-se\/\">La torre Eiffel se<\/a><\/blockquote><iframe sandbox=\"allow-scripts\" security=\"restricted\" src=\"https:\/\/www.euro-tv.ro\/noticias\/2015\/01\/10\/la-torre-eiffel-se\/embed\/#?secret=qouXVDcJGY\" width=\"600\" height=\"338\" title=\"&#8222;La torre Eiffel se&#8221; &#8211; noticias\" data-secret=\"qouXVDcJGY\" frameborder=\"0\" marginwidth=\"0\" marginheight=\"0\" scrolling=\"no\" class=\"wp-embedded-content\"><\/iframe><script type=\"text\/javascript\">\n\/* <![CDATA[ *\/\n\/*! This file is auto-generated *\/\n!function(d,l){\"use strict\";l.querySelector&&d.addEventListener&&\"undefined\"!=typeof URL&&(d.wp=d.wp||{},d.wp.receiveEmbedMessage||(d.wp.receiveEmbedMessage=function(e){var t=e.data;if((t||t.secret||t.message||t.value)&&!\/[^a-zA-Z0-9]\/.test(t.secret)){for(var s,r,n,a=l.querySelectorAll('iframe[data-secret=\"'+t.secret+'\"]'),o=l.querySelectorAll('blockquote[data-secret=\"'+t.secret+'\"]'),c=new RegExp(\"^https?:$\",\"i\"),i=0;i<o.length;i++)o[i].style.display=\"none\";for(i=0;i<a.length;i++)s=a[i],e.source===s.contentWindow&&(s.removeAttribute(\"style\"),\"height\"===t.message?(1e3<(r=parseInt(t.value,10))?r=1e3:~~r<200&&(r=200),s.height=r):\"link\"===t.message&&(r=new URL(s.getAttribute(\"src\")),n=new URL(t.value),c.test(n.protocol))&&n.host===r.host&&l.activeElement===s&&(d.top.location.href=t.value))}},d.addEventListener(\"message\",d.wp.receiveEmbedMessage,!1),l.addEventListener(\"DOMContentLoaded\",function(){for(var e,t,s=l.querySelectorAll(\"iframe.wp-embedded-content\"),r=0;r<s.length;r++)(t=(e=s[r]).getAttribute(\"data-secret\"))||(t=Math.random().toString(36).substring(2,12),e.src+=\"#?secret=\"+t,e.setAttribute(\"data-secret\",t)),e.contentWindow.postMessage({message:\"ready\",secret:t},\"*\")},!1)))}(window,document);\n\/* ]]> *\/\n<\/script>\n","thumbnail_url":"https:\/\/www.euro-tv.ro\/noticias\/wp-content\/uploads\/sites\/5\/2015\/01\/o-EIFFEL-facebook1.jpg","thumbnail_width":2000,"thumbnail_height":1000,"description":"&nbsp; Dolor y conmoci\u00f3n. La torre Eiffel de Par\u00eds, uno de los monumentos m\u00e1s emblem\u00e1ticos del mundo, apag\u00f3 este jueves por la noche sus luces en muestra de luto por las doce v\u00edctimas del atentado contra la revista &#8230; &nbsp;&nbsp;&nbsp;&nbsp;&nbsp;&nbsp;&nbsp; http:\/\/www.huffingtonpost.es\/2015\/01\/09\/torre-eiffel-charlie-hebd_n_6441158.html?utm_hp_ref=spain"}

&nbsp; Dolor y conmoción. La torre Eiffel de París, uno de los monumentos más emblemáticos del mundo, apagó este jueves por la noche sus luces en muestra de luto por las doce víctimas del atentado contra la revista &#8230; &nbsp;&nbsp;&nbsp;&nbsp;&nbsp;&nbsp;&nbsp; http://www.huffingtonpost.es/2015/01/09/torre-eiffel-charlie-hebd_n_6441158.html?utm_hp_ref=spain
